i).
-189
Suppose 0 = -6*m + m - 15. Let i(h) be the first derivative of h**3 + h**2/2 - 3*h - 8521. Determine i(m).
21
Let y be 68/14 - 17/(-119). Let c(o) = -o**3 - 3*o**2 + 4. Let u be c(-3). Let s(v) = u*v**3 - 7*v - 4*v**3 + v**3 - 4*v**2 + 2. Determine s(y).
-8
Let f(q) be the first derivative of -q**2/2 + 4*q + 32. Suppose 2*n - 336 = -5*n. Let i = n + -44. Calculate f(i).
0
Let h(g) = -3*g**3 - 15*g**2 - g + 2. Let t be h(-6). Suppose -t + 125 = 3*c. Let k(u) be the first derivative of -u**2 - 2*u + 2. Give k(c).
-8
Let q(x) be the third derivative of -5*x**4/8 - x**3/2 + 1818*x**2. Give q(-1).
12
Let v = 7220 + -7222. Let m(q) = 23*q + 6. What is m(v)?
-40
Let c(n) = n**3 - 8*n**2 - 23*n - 3. Let m = 5703 - 5693. Determine c(m).
-33
Let o be (-120 + 119)/(0 - 3/12). Let s(k) be the third derivative of k**6/120 - k**5/12 + 5*k**3/6 + 3*k**2. Determine s(o).
-11
Let q be (-60)/(2/4 + (-3 - -1)). Suppose 0 = -5*f - c + q, 0*f - 2*f - c + 19 = 0. Let l(v) = -2*v + 1. Calculate l(f).
-13
Let c = 9585 - 9583. Let x(k) = -2*k**3 + 3*k**2 - 9*k + 17. Give x(c).
-5
Let k(s) = 17 + 9 + s - 16. Let y = -13 + 16. Suppose 3 = y*i, 5*l + i + 31 = -3*i. Give k(l).
3
Let w(t) = -t**2 - 6*t + 1. Let p(d) = 12*d - 7. Let q be p(2). Let y be 0 + (1 + q - 12/(-4)). Let a be (-94)/14 - 6/y. Calculate w(a).
-6
Let r(d) = 31*d - 25. Let a(y) = 15*y - 12. Let s(p) = 5*a(p) - 2*r(p). Let t(i) = -11*i + 8. Let v(o) = 6*s(o) + 7*t(o). Let l be (-2)/9 + 188/36. Give v(l).
1
Let o(n) = 10*n**2 + 4*n - 4. Let y be 41/((-246)/72) + 15. Determine o(y).
98
Let m(s) = 5*s - 56. Suppose -126*j = -121*j - k - 55, -3*j = -2*k - 33. Give m(j).
-1
Let n be (-8 + 247/26)*(-3 + (-3)/9). Let m(q) = 5*q**2 + 6*q + q**3 + 0 - 3 - 5*q - 1. Calculate m(n).
-9
Let a be -1 - -1 - (462/(-98) - (-6)/(-21)). Suppose 2 = -2*x + 6. Let j(z) = 3 + 0*z - a*z**x - z**3 + 4*z - 7*z. Calculate j(-3).
-6
Let l(c) = 8*c**2 - 22*c + 6. Let r be l(3). Let t(i) = -7*i + 22. Let h(x) = -9*x + 31. Let d(z) = 4*h(z) - 5*t(z). Determine d(r).
2
Let h(a) = 3*a**3 - 9*a**2 - 72*a + 11. Let g(r) = -7*r**3 + 16*r**2 + 158*r - 23. Let k(f) = 4*g(f) + 9*h(f). What is k(-16)?
7
Let o(j) be the third derivative of j**5/60 - 5*j**4/8 + 49*j**3/6 - 2*j**2 + 646*j + 1. Calculate o(6).
-5
Let j(m) be the third derivative of -23/6*m**3 + 110 + 0*m - 3*m**2 - 1/6*m**4. Calculate j(-7).
5
Let u(g) = g**2 - 13*g + 34. Let p = -743 + 751. Determine u(p).
-6
Suppose 4*x - 13 = -3*h, 5*h - 20 + 0 = -5*x. Let r(p) = 13 + h*p - 2 - 1 - 4*p. Let q be 0 - 1 - -10 - 0. Determine r(q).
1
Let k(f) = -f**2 + 12*f + 1. Let a = 2578 + -2564. Calculate k(a).
-27
Suppose 5*k - 2*o + 2 = 2*o, -2*k - o = -7. Let y(f) = -f - 2*f - 23 + 27 + f**k. Let d(a) = -3*a**2 + 8*a - 11. Let u(i) = 4*d(i) + 11*y(i). Determine u(3).
-12
Let u(v) = v**2 + 17*v + 14. Suppose 5*g + 15 = 0, -3*i + 54*g = 55*g + 39. What is u(i)?
-46
Let b(h) = h + 3. Suppose 13*c - 130 = 91. Suppose 10*d - 13 = c. Determine b(d).
6
Let b(c) = 4*c + 21. Let y be (20/(11 - 1))/((-6)/27). Determine b(y).
-15
Let s = 5 - -7. Let c be (-2 + 3/2)/((-1)/22). Let z(d) = 6 + c*d - s*d + 2*d. Determine z(-5).
1
Suppose -14 = -5*n + 11. Let m(g) = -n*g + 3*g + g**3 + 3 - g**2 + 0*g. Suppose -x - 293 = -2*r - 289, 4*x = -2*r + 14. Calculate m(r).
15
Let g be -8*(-2 - (-3)/2). Suppose 0 = -6*z + 34 - 28. Let h(r) = 12*r**2 + 6*r + r**3 - z - 7*r**2 - 10*r**2. Determine h(g).
7
Let i(p) = -3*p - 4. Let n(u) = 23*u + 24. Let x(z) = -4*i(z) - n(z). Calculate x(1).
-19
Let q be 2 + 0 + (0 - 3 - 45). Let d = -24 - q. Let k(y) = -2 + 3 + 41*y - 21*y - d*y. Give k(1).
-1
Let y(o) be the first derivative of -3*o**2/2 - 36*o - 8337. Calculate y(7).
-57
Suppose 5*n = -3*p + 4*p + 45, -p = -5. Let c(z) = n + 13 + z + 16 - 36. Determine c(-5).
-2
Suppose 22738 = -31*m + 22180. Let a(w) = -20*w - 362. Calculate a(m).
-2
Let a(o) = -153*o + 21. Let l(s) = 185*s - 23. Let t(q) = -6*a(q) - 5*l(q). Give t(8).
-67
Let z(l) = -2*l - l**3 + 17*l**2 - 14*l**2 + 5*l**2 + 0*l**2 + 17 - 3*l**2. Suppose 18 = -4*a + x + 43, a = 3*x + 20. What is z(a)?
7
Let f(k) = -2*k - 3. Let a = 121 - 97. Suppose a*h - 8 = 23*h. Suppose 73 - h = 13*t. Calculate f(t).
-13
Let j(z) = -4*z**2 - 9*z + 36. Let f(r) = 5*r**2 + 10*r - 35. Let g(c) = -3*f(c) - 4*j(c). Let y be g(-10). Let k(w) = 4 + w + y + 6. Give k(-6).
5
Let c(f) = f. Let k be c(0). Suppose -2 = 2*p, -2*x - 4*p + k = 4. Let v(y) be the first derivative of -y**4/4 + y**3/3 + 9*y - 72. Give v(x).
9
Let r(s) = -s**3 + 7*s**2 - 3*s - 32. Let w be r(5). Let t(m) = m**2 + w + 4 + 3*m - 7*m - 14. Give t(5).
-2
Let z(x) = x**3 + 8*x**2 + 11*x - 6. Let q(b) = -3*b**3 - 24*b**2 - 32*b + 18. Let f = -215 - -232. Let j(g) = f*z(g) + 6*q(g). What is j(-7)?
-8
Let q(l) = -l - 2. Let j = -135 + 39. Let d = 91 + j. Determine q(d).
3
Let t = 562 + -559. Let s be 1*0/((t - 6) + 1). Let b(q) = -13*q**2 + 13*q + 109. Let m(p) = 3*p**2 - 3*p - 27. Let x(j) = -2*b(j) - 9*m(j). What is x(s)?
25
Let g(h) be the first derivative of 1/3*h**3 + 0*h**2 + 9*h - 9. Let l = 1 - 1. Determine g(l).
9
Let y = 705 + -711. Let t be (y - (-5 + 0))*0. Let l(f) = f - 8. Determine l(t).
-8
Suppose 18*i - 27 - 27 = 0. Let u(w) = w**3 - 7*w**2 - 6*w + 2. Let k(g) = g**2 + g - 1. Let v(l) = -5*k(l) - u(l). Calculate v(i).
-3
Let h(o) = o**3 + 8*o**2 + 7*o. Let f = -44 + 239. Suppose 54*a = -573 + f. What is h(a)?
0
Let h(j) = 6*j**3 + 154*j**2 + 11*j + 4. Let a(l) = -5*l**3 - 122*l**2 - 10*l - 2. Let b(m) = -5*a(m) - 4*h(m). What is b(3)?
-15
Suppose 11*r = -3*r - 14. Let u(l) = -2*l**2 - 2*l - 1. Let x(z) = 3*z**2 + 3*z + 2. Let b(q) = -5*u(q) - 3*x(q). Give b(r).
-1
Suppose 17*g - 72*g - 478 = 184*g. Let o(k) = -k**2 - 17*k - 24. Determine o(g).
6
Suppose -4*d + 61 = -o + 4*o, d = -5*o + 130. Suppose -k + 4 = -h, 5*h + o = -2*k - 0. Let n(c) = c**2 + 2*c - 1. Calculate n(h).
14
Let c(v) be the third derivative of v**6/120 - v**5/6 + v**4/4 - v**3 + 4351*v**2. What is c(9)?
-33
Let b(m) be the third derivative of 225*m**2 + 0*m - 1/6*m**4 + 1/2*m**3 - 1/30*m**5 + 0. Give b(2).
-13
Let r(n) = 4 - 18*n - 18*n - 7*n + 46*n + 7. Determine r(-12).
-25
Let l be 12/(-3)*15/(-30). Let w(j) = -1002 + j**l + 6*j**3 + j + 1002 + 0*j. Let n = -15 + 14. Calculate w(n).
-6
Suppose 130*g + 2442 = 119*g. Let x = 235 + g. Let y(a) = -a**2 + 13*a - 7. Determine y(x).
-7
Let p(j) = -j**2 + 7*j + 8. Let w be p(8). Let y(b) be the second derivative of 4*b + 0 + 3/2*b**2 + 1/12*b**4 + 0*b**3 - 1/20*b**5. Give y(w).
3
Suppose 11*p - 8*p + 42 = 0. Let z = p - -13. Let k(h) = -h**3 - 5*h**2 + 7*h - 1. Let l(b) = b**2 - b. Let c(x) = z*k(x) - 5*l(x). Calculate c(-2).
-3
Suppose -2*h + 4*x - 2*x = -2, -2*x - 8 = 0. Let r(o) be the second derivative of -2*o + 6 + 3/2*o**2 - 1/20*o**5 - 5/12*o**4 - 1/2*o**3. Give r(h).
-6
Let i(v) = v**2 + 3*v - 4. Suppose 0 = d + 11*d - 288. Let q be -1*8/d - (-28)/(-6). What is i(q)?
6
Let n(i) be the second derivative of 1/6*i**3 - 1/20*i**5 - 61 - 1/4*i**4 + 2*i + i**2. What is n(-4)?
14
Let w(d) be the first derivative of 4*d + 155 - 11/2*d**2 + 1/4*d**4 + 10/3*d**3. Suppose a - 6*a - 55 = 0. Give w(a).
4
Let n(h) be the third derivative of 6*h**2 - 5/24*h**4 + 3/2*h**3 + 1 + 0*h. What is n(3)?
-6
Suppose 0*b - 64 = -8*b. Let u be (-4 - b)*(-5 - -4). Let v(g) = g**3 - 13*g**2 + 12*g + 4. Give v(u).
4
Let k(n) = -4*n**2 - 6*n + 1. Let b(i) = -17*i**2 - 40*i - 18. Let p(q) = -b(q) + 4*k(q). Give p(-14).
-6
Let b = -19 + 19. Suppose 4 = -4*f + 16, b = -3*d - 5*f + 21. Let w(c) = 10*c**2 - 8*c**2 + 10*c**d. Calculate w(1).
12
Let w be (2/(-5))/((-1)/(-5)). Let q(t) = t - 1. Let m be q(w). Let l(s) = 14*s + 2*s**2 - 40*s - 1 + 17*s + 13*s. Calculate l(m).
5
Let n(w) = w**2 + 5*w + 4. Suppose 0 = 7*h + 24 - 59. Suppose -73*c + 72*c - h*j + 5 = 0, -8 = 2*c + j. What is n(c)?
4
Let u(a) = -2*a**2 + 72*a - 456. Let x be u(8). Let w(b) = -2*b**2 - 19*b - 19. Give w(x).
5
Let n(q) = -2*q**3 - 2*q**2 + 3*q - 2. Suppose -7 = -5*l - p, -18 = 4*l - 5*p - 12. What is n(l)?
-3
Let i(v) = -v**2 - 22*v + 72. Let a be i(-25). Let u(p) = p**3 + 5*p**2 + 6*p + 2. Determine u(a).
2
Let v be (-30)/18*15 + 24. Let q(c) = -c**3 + c**2 + c - 1. Let z(r) = -3*r**3 - 4*r**2 - 6*r + 4. Let h(s) = -5*q(s) - z(s). 